7*l**2 + 423*l - 2134. Give z(5).
31
Let k(i) = -403*i + 6053. What is k(15)?
8
Let s(f) = f**3 - 11*f**2 + 12*f + 93. Give s(-2).
17
Let q(j) = -903*j + 567. What is q(1)?
-336
Let z(k) = 29*k**3 + 35*k**2 - 33. Determine z(-1).
-27
Let w(j) = -j**2 + 88*j + 674. Calculate w(78).
1454
Let n(f) = -88*f**2 - 863*f + 113. Determine n(-10).
-57
Let a(g) = -1617797*g - 30738148. Determine a(-19).
-5
Let v(b) = -8*b**3 - 4281*b**2 - 405*b + 69544. Give v(-535).
-6
Let d(b) = -b**3 - 284*b**2 - 2722*b + 4847. What is d(-274)?
-85
Let y(g) = 104*g - 764. Calculate y(-4).
-1180
Let v(f) = f**2 + 97681*f - 683830. What is v(7)?
-14
Let n(t) = -t**3 + 175*t**2 + 4057*t + 11555. Give n(196).
-9
Let c(j) = -9*j**3 - 84*j**2 + 485*j - 10. Calculate c(4).
10
Let h(d) = 20*d**2 - 334*d + 1088. Calculate h(11).
-166
Let c(v) = -25261*v - 202072. Calculate c(-8).
16
Let v(g) = -10*g + 142. Determine v(3).
112
Let b(h) = 261*h + 11763. Give b(-45).
18
Let m(c) = -32185*c - 4666832. Determine m(-145).
-7
Let t(p) = p**3 + 205*p**2 + p + 382. Calculate t(0).
382
Let p(s) = 2*s**2 - 193*s + 113. What is p(100)?
813
Let k(z) = 2*z**3 + 927*z**2 - 501*z - 17098. Give k(-464).
70
Let k(h) = 6*h**2 + 620*h + 13567. Calculate k(-69).
-647
Let c(h) = -1516*h + 131884. Determine c(87).
-8
Let r(h) = 39*h + 8772. What is r(-224)?
36
Let o(s) = 4*s**3 - 4*s**2 + 55*s + 190. Give o(-3).
-119
Let u(n) = -n**3 - 12*n**2 + 193*n + 1784. What is u(-8)?
-16
Let m(p) = 155*p**3 + 7440*p**2 + 7*p + 330. Determine m(-48).
-6
Let h(p) = 7*p**3 - 881*p**2 + 741*p + 96. Determine h(125).
-1029
Let z(c) = -2148*c + 21448. Give z(10).
-32
Let m(t) = -42541*t - 297789. Calculate m(-7).
-2
Let t(s) = 2*s**3 + 76*s**2 + 472*s + 313. Determine t(-6).
-215
Let v(i) = -i**2 - 382*i + 20318. Determine v(48).
-322
Let m(b) = -12359*b + 8268177. Give m(669).
6
Let c(u) = -2*u**2 - 2714*u + 40963. Calculate c(15).
-197
Let c(q) = -2*q**3 - 131*q**2 - 405*q + 1801. What is c(-62)?
3
Let s(i) = -34*i - 2768. Give s(-84).
88
Let w(d) = -18*d**3 + 61*d**2 - 6*d + 7. What is w(5)?
-748
Let j(n) = -2*n**3 + 38*n**2 - 395*n + 6395. What is j(18)?
-67
Let z(c) = -c**3 - 50*c**2 - 594*c - 456. Give z(-17).
105
Let j(x) = -8859*x + 407297. Determine j(46).
-217
Let q(g) = -g**2 - 58*g + 164. Give q(-23).
969
Let g(c) = c**3 + 3*c**2 - 27*c - 68. Determine g(-3).
13
Let l(v) = 433*v + 44819. What is l(-105)?
-646
Let r(d) = -9*d**2 + 6635*d - 53950. Determine r(729).
-4
Let i(x) = -55343*x - 4648816. Determine i(-84).
-4
Let n(h) = 216*h - 12379. Calculate n(54).
-715
Let l(j) = -4*j**3 - 1603*j**2 + 6429*j + 17. What is l(4)?
-171
Let g(r) = 2100*r + 488887. What is g(-233)?
-413
Let u(t) = 2*t**3 + 28*t**2 + 62*t - 259. What is u(-9)?
-7
Let r(v) = -11387*v + 113988. Give r(10).
118
Let a(b) = -b**2 - 1103*b + 37504. Calculate a(33).
16
Let l(s) = -928*s + 54748. Calculate l(59).
-4
Let a(f) = -7*f**3 + 1620*f**2 + 931*f - 30. Give a(232).
666
Let x(m) = -m**3 + 42*m**2 - 209*m - 302. Give x(36).
-50
Let i(n) = 2625*n + 49985. Calculate i(-19).
110
Let v(s) = 2*s**3 - 58*s**2 - 2110*s + 562. Determine v(50).
62
Let h(c) = -c**2 - 716*c + 30115. What is h(40)?
-125
Let l(r) = -9801*r + 68595. Determine l(7).
-12
Let j(n) = -191*n - 9377. Give j(-47).
-400
Let a(x) = x**3 + 84*x**2 - 303*x - 3553. What is a(-87)?
101
Let u(b) = 3*b**3 - 105*b**2 - 16*b + 602. Calculate u(35).
42
Let s(r) = -7475*r + 1225908. Determine s(164).
8
Let k(u) = u**3 - 59*u**2 - 463*u + 41030. What is k(53)?
-363
Let p(b) = 299*b - 8263. Determine p(27).
-190
Let x(m) = 5*m**3 - 862*m**2 + 861*m + 1. Determine x(1).
5
Let b(j) = -100092*j + 6005525. Determine b(60).
5
Let h(z) = z**3 + 20*z**2 - 489*z - 10074. What is h(-20)?
-294
Let m(d) = -137863*d + 2. Determine m(0).
2
Let g(h) = h**2 - 14201*h + 70959. Calculate g(5).
-21
Let w(o) = -15519*o - 1676050. Determine w(-108).
2
Let g(s) = -553*s**3 - 8846*s**2 + 80*s + 776. Give g(-16).
8
Let l(n) = n**3 - 9*n**2 + 995*n - 6864. What is l(7)?
3
Let u(j) = -j**2 - 284977*j + 854941. Calculate u(3).
1
Let z(g) = 108*g - 5653. Calculate z(16).
-3925
Let a(p) = 11481*p + 459319. Give a(-40).
79
Let x(o) = 1174*o + 4184. Give x(-4).
-512
Let t(g) = -3*g**3 + 2648*g**2 + 11531*g + 3. Determine t(887).
3
Let l(n) = 201*n**3 + 7634*n**2 - 154*n - 73. Calculate l(-38).
3
Let o(b) = -14*b**3 + 1128*b**2 + 481*b + 260. Determine o(81).
-145
Let i(j) = 5*j**3 + 26*j**2 - 608*j + 208. Determine i(11).
3321
Let k(q) = -3*q**3 - 13*q**2 + 43*q - 92. What is k(-7)?
-1
Let z(f) = -f**3 - 205*f**2 - 396*f + 3022. Give z(-5).
2
Let n(p) = -15215*p - 2130097. Calculate n(-140).
3
Let l(f) = -7882*f - 228576. Calculate l(-29).
2
Let k(d) = -3*d**3 - 27*d**2 + 452*d + 4082. Determine k(-9).
14
Let p(d) = -35*d**3 - 181*d**2 + 775*d - 134. What is p(-8)?
2
Let w(a) = 5*a**2 + 21239*a - 598617. Determine w(28).
-5
Let b(k) = 866*k + 110852. Calculate b(-128).
4
Let p(v) = -77457*v - 3175745. Calculate p(-41).
-8
Let r(d) = 160*d - 5943. Calculate r(36).
-183
Let l(o) = -8*o**2 - 46*o - 477. What is l(-15)?
-1587
Let n(p) = 5*p**3 + 128*p**2 - 85*p + 380. What is n(-26)?
1238
Let l(d) = 5*d**2 + 10*d - 139. What is l(6)?
101
Let p(h) = -301*h**3 + 8*h**2 - 26*h + 17. Determine p(1).
-302
Let v(u) = -u**3 + 33*u**2 - 5209*u + 153582. Calculate v(30).
12
Let t(x) = 12*x**2 + 846*x - 5341. Determine t(6).
167
Let u(a) = 2*a**3 - 63*a**2 - 92*a + 611. Calculate u(32).
-1309
Let o(b) = b**2 - 446*b + 9448. Give o(424).
120
Let h(s) = -s**3 + 15*s**2 + 92*s - 82. Give h(20).
-242
Let d(p) = 259*p**2 + 3103*p - 119. Calculate d(-12).
-59
Let b(l) = l**2 + 1988*l + 574579. Determine b(-351).
-8
Let b(s) = -74405*s + 148798. Determine b(2).
-12
Let f(j) = j**3 + 92*j**2 - 568*j + 2843. Calculate f(-98).
883
Let w(c) = 16296*c + 81698. Calculate w(-5).
218
Let o(y) = -2*y**3 + 5*y**2 - 282*y - 2177. Determine o(-7).
728
Let a(t) = 25527*t - 153147. Calculate a(6).
15
Let m(b) = 161*b + 185. Calculate m(-2).
-137
Let c(h) = 505*h - 4441. Give c(14).
2629
Let n(j) = j**2 - 1203*j + 212456. Determine n(215).
36
Let m(z) = 444*z + 106. Determine m(2).
994
Let i(h) = h**2 - 47*h + 775. Calculate i(43).
603
Let d(r) = 749*r + 71693. What is d(-95)?
538
Let c(g) = -g**3 + 120*g**2 - 108*g - 1697. Determine c(119).
-388
Let x(r) = 11*r**3 - 958*r**2 + 240*r - 13328. What is x(87)?
-17
Let z(n) = -8*n**2 + 8394*n + 127557. Determine z(-15).
-153
Let u(q) = -8*q**2 - 3751*q + 116069. What is u(-498)?
35
Let k(w) = 93*w**2 + 234*w - 133. Calculate k(-3).
2
Let s(w) = -2*w**2 - 600*w + 2882. Calculate s(5).
-168
Let t(w) = -191*w**2 + 586*w - 584. Calculate t(1).
-189
Let o(n) = -n**3 + 213*n**2 - 7561*n + 274. Give o(168).
106
Let v(g) = -2*g**3 + 35*g**2 + 392*g - 5451. Calculate v(20).
389
Let v(n) = -433*n + 1094. Give v(1).
661
Let v(c) = -67950*c - 135894. Determine v(-2).
6
Let b(f) = 8*f**3 + 68*f**2 + 232*f + 1641. What is b(-8)?
41
Let n(w) = 2*w**2 + 43*w - 619. Give n(0).
-619
Let o(x) = 1417*x**2 - 5702*x + 163. What is o(4)?
27
Let m(u) = 24*u**3 + 1236*u**2 + 3497*u + 21. Give m(-3).
6
Let c(p) = -260*p - 35362. Determine c(-136).
-2
Let o(d) = 105*d**2 - 10526*d + 10528. Give o(1).
107
Let w(p) = 328*p + 5229. Give w(-16).
-19
Let u(i) = -67023*i - 201065. Give u(-3).
4
Let n(b) = -269293*b - 9425250. What is n(-35)?
5
Let g(o) = 4*o**2 + 106*o + 446. Calculate g(-15).
-244
Let k(d) = 1190*d - 2919. Determine k(2).
-539
Let p(y) = 90*y**2 - 32766*y + 2190. Give p(364).
6
Let b(w) = -2*w**3 - 152*w**2 - 431*w - 204. Give b(-73).
-715
Let m(a) = 42399*a + 3434311. What is m(-81)?
-8
Let i(a) = 20*a**2 - 2252*a - 791. What is i(112)?
-2135
Let p(o) = 149*o**2 - 1479*o + 19. Determine p(10).
129
Let k(r) = 455*r**3 + 23663*r**2 + 157*r + 62. Determine k(-52).
10
Let d(t) = 69708*t + 6064594. What is d(-87)?
-2
Let p(x) = 176*x**2 + 1572*x + 36. Calculate p(-9).
144
Let c(s) = 47256*s + 236263. Determine c(-5).
-17
Let p(q) = -574*q + 19394. Calculate p(34).
-122
Let d(s) = -3*s**2 - 371*s + 6967. Determine d(-135).
2377
Let k(j) = 22460*j - 3512. Determine k(0).
-3512
Let k(m) = -m**3 - 643*m**2 - 8213*m - 14433. Give k(-630).
57
Let t(b) = 12*b**2 + 533*b - 2707. Give t(5).
258
Let g(i) = 576*i**2 + 21*i + 3